inder when 3057834 is divided by 352?
10
Calculate the remainder when 62106 is divided by 52267.
9839
What is the remainder when 96166912 is divided by 25?
12
What is the remainder when 1773908 is divided by 5525?
383
Calculate the remainder when 94260 is divided by 386.
76
What is the remainder when 26728236 is divided by 56?
52
Calculate the remainder when 11548333 is divided by 39280.
13
Calculate the remainder when 113296 is divided by 2459.
182
What is the remainder when 842289 is divided by 504?
105
Calculate the remainder when 1591596 is divided by 59.
12
Calculate the remainder when 7694368 is divided by 596.
8
What is the remainder when 325684 is divided by 184?
4
Calculate the remainder when 743624 is divided by 566.
466
Calculate the remainder when 11157275 is divided by 2984.
99
Calculate the remainder when 2157307 is divided by 491.
344
Calculate the remainder when 3164335 is divided by 613.
29
What is the remainder when 167314204 is divided by 32?
28
Calculate the remainder when 693093 is divided by 1786.
125
Calculate the remainder when 925137 is divided by 2029.
1942
Calculate the remainder when 12370259 is divided by 951555.
44
What is the remainder when 237346 is divided by 556?
490
Calculate the remainder when 4669790 is divided by 874.
8
What is the remainder when 116682855 is divided by 7292678?
7
What is the remainder when 1272445 is divided by 273?
265
What is the remainder when 170521 is divided by 8950?
471
What is the remainder when 1521801084 is divided by 283?
280
What is the remainder when 2550625 is divided by 142?
21
What is the remainder when 1977507 is divided by 10?
7
What is the remainder when 21545 is divided by 303?
32
Calculate the remainder when 10537087 is divided by 39913.
55
Calculate the remainder when 10107243 is divided by 4957.
4877
What is the remainder when 3501110 is divided by 788?
26
What is the remainder when 7711 is divided by 1100?
11
What is the remainder when 46621411 is divided by 1602?
7
Calculate the remainder when 419366 is divided by 467.
0
What is the remainder when 908995 is divided by 11963?
11770
Calculate the remainder when 113691 is divided by 15.
6
Calculate the remainder when 72231765 is divided by 261.
15
Calculate the remainder when 131635944 is divided by 3178.
6
Calculate the remainder when 4476723 is divided by 44.
31
What is the remainder when 191286 is divided by 210?
186
What is the remainder when 110535852 is divided by 3615?
3612
What is the remainder when 1915565 is divided by 1459?
1357
Calculate the remainder when 5122762 is divided by 6776.
106
What is the remainder when 1042 is divided by 529?
513
Calculate the remainder when 316218 is divided by 63240.
18
What is the remainder when 23986 is divided by 10378?
3230
Calculate the remainder when 316101 is divided by 24314.
19
Calculate the remainder when 4482937 is divided by 6497.
7
What is the remainder when 1409491 is divided by 1686?
1681
What is the remainder when 4388948 is divided by 69?
65
What is the remainder when 2403315 is divided by 100136?
51
What is the remainder when 15766410 is divided by 165?
0
Calculate the remainder when 19791646 is divided by 54.
52
Calculate the remainder when 176763 is divided by 793.
717
What is the remainder when 6973155 is divided by 4278?
15
Calculate the remainder when 22701625 is divided by 119.
114
Calculate the remainder when 8900 is divided by 128.
68
What is the remainder when 26730695 is divided by 8910128?
311
What is the remainder when 2822474 is divided by 509?
69
What is the remainder when 19094522 is divided by 7488?
122
Calculate the remainder when 1127098 is divided by 605.
588
Calculate the remainder when 6718312 is divided by 7.
6
Calculate the remainder when 7883213 is divided by 345.
308
What is the remainder when 32217 is divided by 2881?
526
What is the remainder when 123647523 is divided by 308?
307
Calculate the remainder when 12950669 is divided by 205.
204
Calculate the remainder when 12029 is divided by 668.
5
What is the remainder when 18438153 is divided by 207170?
23
What is the remainder when 27908204 is divided by 49836?
44
Calculate the remainder when 17257 is divided by 8465.
327
Calculate the remainder when 6811 is divided by 6746.
65
Calculate the remainder when 19040075 is divided by 218851.
38
Calculate the remainder when 77108 is divided by 1285.
8
Calculate the remainder when 254982 is divided by 247.
78
What is the remainder when 8861 is divided by 109?
32
What is the remainder when 142202495 is divided by 2708?
2707
Calculate the remainder when 117447 is divided by 117227.
220
What is the remainder when 14510675 is divided by 807?
8
What is the remainder when 719191 is divided by 1713?
1444
What is the remainder when 43694 is divided by 3625?
194
Calculate the remainder when 404996585 is divided by 5602.
5597
Calculate the remainder when 713962 is divided by 356823.
316
Calculate the remainder when 63923 is divided by 1910.
893
Calculate the remainder when 1174025 is divided by 234575.
1150
Calculate the remainder when 29344 is divided by 3109.
1363
What is the remainder when 10707 is divided by 45?
42
What is the remainder when 61372035 is divided by 10?
5
Calculate the remainder when 3814028 is divided by 897.
881
Calculate the remainder when 3410099 is divided by 388.
355
What is the remainder when 1810735 is divided by 99?
25
Calculate the remainder when 1814869 is divided by 199.
188
What is the remainder when 153492 is divided by 38326?
188
Calculate the remainder when 819581 is divided by 74507.
4
What is the remainder when 1307506 is divided by 653730?
46
Calculate the remainder when 416350 is divided by 2275.
25
Calculate the remainder when 4350607 is divided by 4350563.
44
What is the remainder when 1159199 is divided by 115864?
559
Calculate the remainder when 715743 is divided by 39720.
783
Calculate the remainder when 446357 is divided by 89269.
12
Calculate the remainder when 333849 is divided by 5453.
1216
What is the remainder when 72977209 is divided by 77?
74
What is the remainder when 60969105 is divided by 49?
22
What is the remainder when 342635 is divided by 5191?
29
What is the remainder when 1111532 is divided by 1082?
318
Calculate the remainder when 400364 is divided by 133413.
125
Calculate the remainder when 3728703 is divided by 328.
327
What is the remainder when 148092 is divided by 132?
120
What is the remainder when 43850291 is divided by 14616759?
14
Calculate the remainder when 118874 is divided by 5399.
96
Calculate the remainder when 140618 is divided by 35154.
2
Calculate the remainder when 1987067367 is divided by 223.
222
What is the remainder when 76503 is divided by 76165?
338
Calculate the remainder when 6835034 is divided by 297171.
101
What is the remainder when 1160629 is divided by 297?
250
What is the remainder when 3660352 is divided by 3660330?
22
Calculate the remainder when 20294 is divided by 9354.
1586
Calculate the remainder when 1508199 is divided by 1508189.
10
Calculate the remainder when 2234354 is divided by 126.
122
What is the remainder when 45646411 is divided by 236?
235
What is the remainder when 638522 is divided by 1303?
52
What is the remainder when 937130 is divided by 4039?
82
What is the remainder when 600425 is divided by 12488?
1001
What is the remainder when 44082 is divided by 42073?
2009
Calculate the remainder when 2126176 is divided by 140.
136
Calculate the remainder when 48379089 is divided by 402.
399
What is the remainder when 4487034 is divided by 263?
254
What is the remainder when 1227581 is divided by 180?
161
Calculate the remainder when 244324 is divided by 60949.
528
Calculate the remainder when 204986 is divided by 34090.
446
Calculate the remainder when 42898 is divided by 4.
2
What is the remainder when 135385 is divided by 14957?
772
Calculate the remainder when 3248623 is divided by 705.
688
Calculate the remainder when 2893533 is divided by 1446759.
15
Calculate the remainder when 5264529 is divided by 14114.
7
Calculate the remainder when 144310478 is divided by 142.
138
What is the remainder when 87736 is divided by 21904?
120
Calculate the remainder when 32223 is divided by 1997.
271
Calculate the remainder when 30899175 is divide